 factors of 136.
2, 17
List the prime factors of 8726.
2, 4363
List the prime factors of 5505.
3, 5, 367
List the prime factors of 13239.
3, 1471
What are the prime factors of 15635?
5, 53, 59
What are the prime factors of 65237?
89, 733
List the prime factors of 148.
2, 37
List the prime factors of 279.
3, 31
What are the prime factors of 19746?
2, 3, 1097
What are the prime factors of 697?
17, 41
List the prime factors of 133989.
3, 59, 757
List the prime factors of 47821.
17, 29, 97
List the prime factors of 842.
2, 421
What are the prime factors of 16344?
2, 3, 227
List the prime factors of 1861.
1861
What are the prime factors of 54152?
2, 7, 967
List the prime factors of 951.
3, 317
List the prime factors of 8665.
5, 1733
What are the prime factors of 15862?
2, 7, 11, 103
What are the prime factors of 391?
17, 23
What are the prime factors of 1277?
1277
List the prime factors of 59651.
59651
What are the prime factors of 24289?
107, 227
List the prime factors of 1598.
2, 17, 47
List the prime factors of 91057.
23, 37, 107
What are the prime factors of 1982?
2, 991
List the prime factors of 4514.
2, 37, 61
List the prime factors of 5759.
13, 443
What are the prime factors of 5178?
2, 3, 863
What are the prime factors of 15544?
2, 29, 67
What are the prime factors of 8336?
2, 521
What are the prime factors of 24786?
2, 3, 17
List the prime factors of 95955.
3, 5, 6397
What are the prime factors of 130647?
3, 11, 37, 107
List the prime factors of 15721.
79, 199
List the prime factors of 295.
5, 59
What are the prime factors of 9683?
23, 421
List the prime factors of 403.
13, 31
What are the prime factors of 145985?
5, 7, 43, 97
List the prime factors of 17964.
2, 3, 499
What are the prime factors of 200?
2, 5
List the prime factors of 15359.
15359
List the prime factors of 180.
2, 3, 5
List the prime factors of 906.
2, 3, 151
List the prime factors of 1224.
2, 3, 17
What are the prime factors of 2100?
2, 3, 5, 7
List the prime factors of 1227.
3, 409
What are the prime factors of 1514?
2, 757
What are the prime factors of 44?
2, 11
What are the prime factors of 4747?
47, 101
List the prime factors of 197.
197
What are the prime factors of 3885?
3, 5, 7, 37
What are the prime factors of 15119?
13, 1163
What are the prime factors of 14364?
2, 3, 7, 19
What are the prime factors of 470?
2, 5, 47
What are the prime factors of 215?
5, 43
What are the prime factors of 1106?
2, 7, 79
List the prime factors of 21909.
3, 67, 109
What are the prime factors of 1530?
2, 3, 5, 17
What are the prime factors of 57700?
2, 5, 577
List the prime factors of 4294.
2, 19, 113
List the prime factors of 83213.
13, 37, 173
List the prime factors of 450.
2, 3, 5
List the prime factors of 7900.
2, 5, 79
List the prime factors of 1114.
2, 557
List the prime factors of 877.
877
What are the prime factors of 22864?
2, 1429
What are the prime factors of 1514?
2, 757
List the prime factors of 2949.
3, 983
What are the prime factors of 18307?
18307
What are the prime factors of 2246?
2, 1123
List the prime factors of 107.
107
List the prime factors of 1805.
5, 19
List the prime factors of 3375.
3, 5
List the prime factors of 286.
2, 11, 13
List the prime factors of 38672.
2, 2417
What are the prime factors of 36863?
191, 193
List the prime factors of 1089.
3, 11
What are the prime factors of 27221?
163, 167
What are the prime factors of 794?
2, 397
List the prime factors of 1977.
3, 659
What are the prime factors of 570?
2, 3, 5, 19
What are the prime factors of 120097?
120097
List the prime factors of 319.
11, 29
List the prime factors of 1567.
1567
List the prime factors of 5684.
2, 7, 29
What are the prime factors of 1286?
2, 643
List the prime factors of 7114.
2, 3557
What are the prime factors of 106113?
3, 7, 31, 163
List the prime factors of 36236.
2, 9059
What are the prime factors of 40623?
3, 11, 1231
What are the prime factors of 6022?
2, 3011
What are the prime factors of 17961?
3, 5987
What are the prime factors of 3221?
3221
List the prime factors of 2390.
2, 5, 239
List the prime factors of 10518.
2, 3, 1753
What are the prime factors of 177?
3, 59
What are the prime factors of 37438?
2, 18719
List the prime factors of 6551.
6551
What are the prime factors of 23107?
7, 3301
List the prime factors of 144720.
2, 3, 5, 67
What are the prime factors of 94?
2, 47
What are the prime factors of 700?
2, 5, 7
List the prime factors of 8099.
7, 13, 89
What are the prime factors of 999?
3, 37
List the prime factors of 1934.
2, 967
List the prime factors of 99369.
3, 61, 181
What are the prime factors of 1015?
5, 7, 29
What are the prime factors of 20335?
5, 7, 83
List the prime factors of 2854.
2, 1427
What are the prime factors of 9736?
2, 1217
What are the prime factors of 7396?
2, 43
What are the prime factors of 4170?
2, 3, 5, 139
What are the prime factors of 971?
971
What are the prime factors of 140?
2, 5, 7
What are the prime factors of 705?
3, 5, 47
What are the prime factors of 28509?
3, 13, 17, 43
List the prime factors of 941.
941
What are the prime factors of 1655?
5, 331
What are the prime factors of 6609?
3, 2203
List the prime factors of 2011.
2011
List the prime factors of 973.
7, 139
What are the prime factors of 6585?
3, 5, 439
List the prime factors of 76638.
2, 3, 53, 241
List the prime factors of 2304.
2, 3
List the prime factors of 365.
5, 73
List the prime factors of 114721.
89, 1289
List the prime factors of 15067.
13, 19, 61
What are the prime factors of 50051?
50051
What are the prime factors of 63429?
3, 21143
What are the prime factors of 15958?
2, 79, 101
What are the prime factors of 11052?
2, 3, 307
What are the prime factors of 5975?
5, 239
What are the prime factors of 11174?
2, 37, 151
List the prime factors of 32429.
32429
List the prime factors of 106172.
2, 11, 19, 127
What are the prime factors of 5494?
2, 41, 67
List the prime factors of 29731.
13, 2287
List the prime factors of 732.
2, 3, 61
List the prime factors of 17157.
3, 7, 19, 43
List the prime factors of 45.
3, 5
What are the prime factors of 1832?
2, 229
What are the prime factors of 5416?
2, 677
List the prime factors of 1217.
1217
What are the prime factors of 54376?
2, 7, 971
List the prime factors of 21725.
5, 11, 79
List the prime factors of 13903.
13903
List the prime factors of 6.
2, 3
What are the prime factors of 36324?
2, 3, 1009
List the prime factors of 6054.
2, 3, 1009
List the prime factors of 2878.
2, 1439
What are the prime factors of 4624?
2, 17
List the prime factors of 426.
2, 3, 71
List the prime factors of 4795.
5, 7, 137
What are the prime factors of 772?
2, 193
What are the prime factors of 1274?
2, 7, 13
What are the prime factors of 28362?
2, 3, 29, 163
List the prime factors of 3210.
2, 3, 5, 107
List the prime factors of 8436.
2, 3, 19, 37
What are the prime factors of 5845?
5, 7, 167
What are the prime factors of 42568?
2, 17, 313
List the prime factors of 238.
2, 7, 17
What are the prime factors of 8208?
2, 3, 19
What are the prime factors of 2082?
2, 3, 347
List the prime factors of 4588.
2, 31, 37
What are the prime factors of 34276?
2, 11, 19, 41
What are the prime factors of 27215?
5, 5443
What are the prime factors of 396?
2, 3, 11
What are the prime factors of 1547?
7, 13, 17
What are the prime factors of 3570?
2, 3, 5, 7, 17
List the prime factors of 6611.
11, 601
What are the prime factors of 36595?
5, 13, 563
What are the prime factors of 2182?
2, 1091
List the prime factors of 1841.
7, 263
What are the prime factors of 57652?
2, 7, 29, 71
List the prime factors of 549.
3, 61
What are the prime factors of 2976?
2, 3, 31
What are the prime factors of 6881?
7, 983
List the prime factors of 30629.
109, 281
What are the prime factors of 31112?
2, 3889
What are the prime factors of 187275?
3, 5, 11, 227
What are the prime factors of 10847?
10847
List the prime factors of 43362.
2, 3, 11, 73
List the prime factors of 3987.
3, 443
What are the prime factors of 2654?
2, 1327
What are the prime factors of 2137?
2137
List the prime factors of 8861.
8861
What are the prime factors of 8503?
11, 773
What are the prime factors of 59227?
7, 8461
What are the prime factors of 350?
2, 5, 7
List the prime factors of 3047.
11, 277
What are the p